- 55. Let p(d) = d**2 - 3*d - 4. Let g be p(z). Let h = 193 - g. What is the hundreds digit of h?
1
What is the units digit of (702 - -19287)*((-2)/3 - (-8)/6)?
6
What is the hundreds digit of 233676/30 + 5 + (-130)/25?
7
Suppose -17*q - 11913 = -2274. Let n = 966 + q. What is the tens digit of n?
9
Let x = 514 + -541. What is the units digit of 52 - x/6*(-8)/(-6)?
8
Let u = 26277 + -10780. What is the tens digit of u?
9
Let c = 40 + -105. Let v be -3 + ((-112)/4 - 1). Let w = v - c. What is the units digit of w?
3
Let y be 50/(-8)*2*-10. Let q = 331 - y. Let o = q - 80. What is the hundreds digit of o?
1
Suppose 3*c + q + q - 87 = 0, -2*q = -2*c + 48. Let r be 4/(c/(-29) - -1) - 3. What is the tens digit of r/(-3)*(3 - 9)?
1
Let l(a) = a**3 + 58*a**2 - 19*a - 164. What is the units digit of l(-58)?
8
Suppose -6*r - 78 = 4*o - 3*r, -103 = 5*o + r. Let m(g) = g**2 + 21*g + 2. Let l be m(o). Suppose l*t - 501 = -t. What is the tens digit of t?
6
Let y(f) = 1916*f - 3530. What is the units digit of y(7)?
2
Let c(a) = 4*a + 56. Let b be c(-14). Suppose b*k + 1078 = -14*k. Let x = k - -318. What is the tens digit of x?
4
Suppose 5*x = 4*h - 26848, 13*h + 2*x = 4*h + 60408. What is the units digit of h?
2
Let k(n) be the third derivative of 0 - 39*n**2 + 0*n - 1/4*n**4 + 41/6*n**3. What is the units digit of k(-11)?
7
What is the hundreds digit of (1/(-1))/(1/541)*(-47 - -46)?
5
Let x = 16 - -22. Suppose -805*g = 5*p - 809*g - 354, 2*g = -p + 68. Let r = p - x. What is the tens digit of r?
3
Let r = 38049 - 26896. What is the thousands digit of r?
1
Suppose -7 = -4*c + 9. Let p be -218*1*c/8. Let y = p - -198. What is the units digit of y?
9
Suppose 2*f = 3*v - 33, 9*f = v + 4*f - 11. Suppose 135 = -3*a + 3*z, -a + 2*z = v + 34. What is the units digit of 5*(-2)/a - (-187)/9?
1
Suppose 0*r - r + 2*a - 503 = 0, 4*r = -3*a - 2067. Let w = r + 728. What is the tens digit of w?
1
Let l(m) = -m**2 - 29*m - 58. Suppose 0*k + 3*k - f = -40, -5*k - 52 = 2*f. What is the tens digit of l(k)?
4
Let z(d) = d - 5. Let r(q) = 80*q + 62. Let o(y) = -2*r(y) - 28*z(y). What is the tens digit of o(-6)?
4
Suppose 86*v - 419136 = 12*v. What is the tens digit of v?
6
Suppose 0 = -4*c + 4*p - 1980, -2842 = 5*c - p - 347. Let s = c - -988. What is the units digit of s?
8
Suppose 0 = 56*z - 58*z + 2526. Suppose -b = 4*c - 1234, b + 24 = c + z. What is the tens digit of b?
3
Let k(x) = x**2 - 6*x - 31. Let s be k(9). What is the units digit of (-179938)/(-198) - s/18?
9
Let d(p) = 128*p - 140*p - 4 + 137*p. What is the units digit of d(3)?
1
Let d(n) = n**3 - 5*n**2 - 10*n - 26. Let j be d(13). Suppose -3*x + j = 20*x. What is the tens digit of x?
5
Let c = -1407 - -457. Let j = c + 1492. What is the tens digit of j?
4
Suppose 15*g + 58 = 88. Suppose 2*v - 7*v - 488 = -f, g*f = 4*v + 982. What is the hundreds digit of f?
4
What is the units digit of (2 + -1)*(-303 + 8682)?
9
Let p = -912 + 909. Let n(i) = 97*i**2 + 4*i - 15. What is the units digit of n(p)?
6
Suppose 4*v = 4*x + 7*v - 6, -3*x = 2*v - 4. What is the hundreds digit of (x - -848)/(-3 + -7 + 12)?
4
Suppose -m - 7 - 22 = 0. Let u be (-9)/3 + 5 - m. Let c = 55 + u. What is the units digit of c?
6
Let n be -10 + 920/90 - 10438/(-9). Suppose 0 = 4*a - 0*i - 2*i - n, -868 = -3*a + 2*i. What is the tens digit of a?
9
Let p(f) = 22*f**3 + 4*f**2 + 3*f + 11. What is the units digit of p(5)?
6
Let n = 200 + 182. Let r = 558 + -319. Let b = n - r. What is the hundreds digit of b?
1
Suppose 3*o = 72 - 57. Let a(x) = 122*x + 60. What is the hundreds digit of a(o)?
6
Let z = -41 - -47. Suppose -z*h + 16 + 8 = 0. Suppose 208 + 316 = h*u - 4*d, 542 = 4*u + 2*d. What is the units digit of u?
4
Suppose 0 = 3*c - 5053 + 550. Let b = -1066 + c. What is the hundreds digit of b?
4
Suppose 0 = 11*q - 15*q - 1596. What is the units digit of (q/2)/(245/(-28) - -8)?
6
Let t(j) = j**3 + 4*j**2 - 12*j + 24. Let u be t(-7). What is the thousands digit of (2/1 - 220/6)*u?
1
Suppose -q - m = -59125, -168*q + 2*m = -172*q + 236492. What is the hundreds digit of q?
1
Let r(x) = x**3 + x - 1. Let i(o) = 5*o**3 - 2*o**2 + 10*o - 180. Let v(q) = -i(q) + 6*r(q). What is the units digit of v(0)?
4
Suppose 4*q = 2*n - 9502, -6*q + 10*q = n - 4741. Suppose 25 = -5*o, 4*t + 1214 - n = -5*o. What is the hundreds digit of t?
8
Let x be 5*(-8)/(-60)*3. Let t be (4 + -27 + 0)*-3. Suppose -3*f - 3*y = -t, -x*y = -y - 3. What is the tens digit of f?
2
Suppose -9*q - 18 = -4*k - 7*q, k + 3 = -q. Suppose 2*j + 10*s = 5*s + 749, -k*j = 4*s - 754. What is the tens digit of j?
8
Let p = -21 + 24. Let n be (-1)/(3/p) - -153. Suppose 4*q + 147 - 683 = -2*j, 5*j = -q + n. What is the tens digit of q?
3
Let i(y) = -9 - y**3 - 21*y - 17*y + 37*y - 3 - 4*y**2 + 8. Let p(c) = c**2 - 8*c + 7. Let g be p(6). What is the units digit of i(g)?
6
Let k be 3 - (1 + (-1193)/2)*46. Suppose 24*u = -12*u + k. What is the hundreds digit of u?
7
Let g = -1614 - -902. Let b = 995 + g. What is the units digit of b?
3
Let d = 146 - 141. What is the hundreds digit of 310 + 15/d + -2?
3
Let j(u) = 509*u - 59. Let p be j(3). Suppose 3*k - p = -2*g, 4*g = 5*k + 593 - 3025. What is the hundreds digit of k?
4
Suppose 100*w = 92*w. Suppose 35*h + 17*h - 26052 = w. What is the hundreds digit of h?
5
Suppose 0 = -3*k + 3*i - 6, 2*i - 4 = k + 3. Suppose -9*l = -5*r - 7*l + 2309, -425 = -r + 5*l. Suppose k*j - r = 255. What is the units digit of j?
0
Let j(o) = -28*o**2 - 3*o + 57. Let w(q) = -15*q**2 - q + 28. Let x(l) = 4*j(l) - 9*w(l). What is the units digit of x(-5)?
6
Let k(o) = 442*o**2 - 11*o + 10. Let x be k(2). Suppose -x = b - 5*b + 4*z, 0 = 5*b - 3*z - 2195. What is the units digit of b?
9
What is the hundreds digit of ((-68)/16*2 - -2)/(2/(-3148))?
2
Let d(a) = 26*a - 1. Let p be d(11). Suppose 0 = 2*t - 4*m - 147 - 149, -2*t + 328 = 4*m. Let h = p - t. What is the tens digit of h?
2
Let g(d) be the third derivative of d**6/120 + d**5/20 - 19*d**4/24 - 5*d**3/6 - 12*d**2 + 38*d - 1. Let n = -7 + 11. What is the units digit of g(n)?
1
Suppose 0 - 3 = -b. Let h(u) = 36*u + 7. Let c be h(b). Let n = c - 20. What is the units digit of n?
5
Let a(c) = 290*c**2 + 11*c. What is the units digit of a(-1)?
9
Let n(j) = j**3 + 2*j**2 - 15*j + 2. Let i be n(-5). Let h be 591/15 - 4/10. Suppose i*z + h - 161 = 0. What is the tens digit of z?
6
Let n = -5272 - -3337. What is the thousands digit of (384/160)/((-3)/n)?
1
Let o(s) = -s**2 + 21*s + 35. Let a be o(10). Suppose 7*c - 534 = a. What is the units digit of c?
7
Suppose -4*b + 42000 = 4*x, -4*b - 82*x + 79*x + 41996 = 0. What is the thousands digit of b?
0
Suppose -20*z = -21 + 1. Let x(d) = -44*d**2 - 17*d - 9. Let i(w) = 22*w**2 + 8*w + 4. Let t(r) = 13*i(r) + 6*x(r). What is the tens digit of t(z)?
2
Let q = 15544 - 7432. What is the hundreds digit of q?
1
Let a(r) = 2*r**3 - r**2 - r + 13. Let v(o) = 7*o - 79. Let j be v(12). What is the hundreds digit of a(j)?
2
Let j(u) = u**3 + 13*u**2 + u + 16. Let z be j(-13). Suppose -4*y - 2*h = y + 4, 0 = z*y + h + 2. Suppose -4*o + 243 - 99 = y. What is the tens digit of o?
3
Let t be (2883/6)/((-3)/6). Let j = -530 - t. Suppose -6*f = -j - 79. What is the units digit of f?
5
Suppose 38*r + 383553 = -17*r + 2816973. What is the thousands digit of r?
4
Let u be (19/(-2) + 2/4)*-3. Suppose -u*x + 13838 = -15268. What is the hundreds digit of x?
0
Suppose 9*w - 1691 - 604 = 0. What is the units digit of w?
5
Let s be 1169644/666 - (-4)/(-18). Let v = s + -586. What is the tens digit of v?
7
Let c = -90176 + 141335. What is the hundreds digit of c?
1
Let y(f) = 8*f**2 - 17*f - 52. Let u be y(-8). Suppose c + c - u = -4*q, 594 = 4*q + 3*c. What is the units digit of q - (3 - (-7)/((-7)/4))?
1
What is the thousands digit of 306/765 + 26813/5?
5
Suppose -327*v + 343*v + 80 = 0. What is the units digit of ((-20)/(-8))/v*-204?
2
Suppose -184684 + 10249 = -13*f + 196026. What is the ten thousands digit of f?
2
Let d(n) = 2*n + 7. Let q be d(-2). Suppose -10 = 3*f - y, 0*y + 10 = q*f - 5*y. What is the units digit of (2*f)/((-3)/(1 + 23))?
0
Let n = 63 + -68. Let r be n/1 + 6 + -15. What is the tens digit of (4 + 3 + r)/(3/(-15))?
3
Let r(a) = -2*a + 1. Let f = 63 - 64. Let n be r(f). Let c = 30 - n